*g = 5*r + 138, g - 5*r = 31 + 25. Suppose -2*k + 0*k = 3*x - g, -3*k - 83 = -4*x. What is the remainder when 50 is divided by x?
16
Suppose -2*v - 2*v = 0. Suppose r - 2*r + 27 = v. What is the remainder when 106 is divided by r?
25
Suppose 0 = -0*x + x - 4*w - 1, 0 = 4*w - 12. Let d = 1 - -1. Suppose -5*p - 3*g + 145 = d*g, -2*p + 5*g + 23 = 0. What is the remainder when p is divided by x?
11
Suppose -y + 9 = i, -4*i - 5*y + 51 = -4*y. What is the remainder when i is divided by 4?
2
Let o(a) = -a**3 + 0 - 3 - 8*a**2 - 10*a + 1. What is the remainder when 36*(2/(-1))/(-2) is divided by o(-7)?
17
Let w(r) = -19*r**3 + r**2 - r - 1. Let l be w(-1). Let s = l + -12. Calculate the remainder when 22 is divided by s.
6
Suppose 0 = -3*u + 7*u - 36. Let c = u - -5. What is the remainder when 53 is divided by c?
11
Let d(b) = -b**3 - 8*b**2 + 8*b - 1. What is the remainder when 14 is divided by d(-9)?
6
Suppose -4*q - 3*u + 9 = 0, 3*q - 4*u - 1 = 12. Let s(g) = -8*g. Calculate the remainder when s(-1) is divided by q.
2
Let h = -11 + 8. Let t = h + 15. Let p(w) = -w**2 - 18*w - 10. What is the remainder when t is divided by p(-17)?
5
Suppose b = 2*j - 137, -3*j + 2*b = -2*j - 73. Let d be 1212/10 - (-6)/(-30). Let u = d - j. Calculate the remainder when u is divided by 14.
12
Let g(v) = 2*v + 5. Let f be g(-6). Let s = f - -13. What is the remainder when s is divided by 4?
2
Suppose 0 = 2*y - 7*y + 80. What is the remainder when 79 is divided by y?
15
Let v = 11 - -14. Calculate the remainder when 97 is divided by v.
22
Let n be 8 + -1 - (0 + 1). Let i = -3 + n. Suppose 2*y + u = 10, i*y - 4*u = y + 10. What is the remainder when y is divided by 3?
2
Suppose 0 = 7*f - 49 - 49. Suppose 3*s = s + 106. Calculate the remainder when s is divided by f.
11
Let q = 247 + -361. Let w = -67 - q. Calculate the remainder when w is divided by 16.
15
Let v(f) = -f**3 + 8*f**2 + 12*f + 12. Let m be v(9). Suppose 5*a - m - 51 = 0. Calculate the remainder when 53 is divided by a.
17
Suppose 4*o + 2 - 26 = 0. Calculate the remainder when 4 is divided by o*1*(-3)/(-6).
1
Let d(v) = v + 6. Let b = -6 + 0. Let l be d(b). Suppose -3*j + 7*j - 48 = l. What is the remainder when 22 is divided by j?
10
Let a(j) = -4*j - 60. What is the remainder when 38 is divided by a(-17)?
6
Let y(t) = t - 7. Let r = -11 + 17. What is the remainder when r is divided by y(9)?
0
Suppose 6*g - g - 10 = 0. Suppose -g*n - 24 = -6*n. Suppose -n*b = -2*b - 64. Calculate the remainder when b is divided by 6.
4
Suppose 2*o - 20 = 6*o, 3*o = 3*i + 126. Let g = i - -66. Suppose 163 = 5*f + 4*p, -91 = -3*f - p + 11. What is the remainder when f is divided by g?
16
Suppose -5*y + u + 52 = 0, -4*y + u + 13 = -29. Let t(i) = 2*i**2 + 4*i + 5. Let q be t(-4). What is the remainder when (-3 - -1) + q/1 is divided by y?
9
Let s = 44 + 87. Calculate the remainder when s is divided by 27.
23
Let z be 2 - (-1 + (0 - 0)). Let t be (47 - 3/(-1)) + z. Suppose -2*n = 3*y - 4*n - t, -5*n + 46 = 3*y. Calculate the remainder when 31 is divided by y.
14
Suppose 0 = 3*p + p + 3*j - 125, -2*j = -5*p + 139. Suppose -s - 2*s = -u - 45, -s = 3*u - 15. What is the remainder when p is divided by s?
14
Calculate the remainder when (-6)/(-12)*134/1 is divided by 23.
21
Let y(s) = -s**3 - 4*s**2 - 5*s - 5. Let r(n) = 12*n**2 + n - 1. Calculate the remainder when y(-5) is divided by r(1).
9
Let m = -5 - 2. Let s = -15 - m. What is the remainder when 16 is divided by -2 + s*3/(-3)?
4
Let c(l) = 2*l**2 - 3*l + 3. Let x be c(7). Suppose 2*d = -4*h + x, -4*h + 98 = 3*d - 20. Calculate the remainder when d is divided by 10.
8
Suppose 223*y + 12 = 227*y. Let k(q) = 5*q**2 + 2*q + 1. What is the remainder when k(-1) is divided by y?
1
Let v(l) = -l**3 + 4*l**2 - 3*l + 3. Let m(k) = -k**2 + 5*k - 3. Let o be m(2). Let g = 4 + 1. Calculate the remainder when g is divided by v(o).
2
Let j = -8 - -4. Let q(s) = s**2 - 2*s - 1. Let i be q(-4). Let c = j + i. What is the remainder when 56 is divided by c?
18
Suppose -2*g - 3*g + 190 = 0. What is the remainder when g is divided by 10?
8
Let w = 68 + -45. Let q = w + -15. What is the remainder when 13 is divided by q?
5
Suppose 3*j - 5*v - 191 + 32 = 0, 2*v = 0. What is the remainder when 370 is divided by j?
52
Let s = -151 + 156. Calculate the remainder when 16 is divided by s.
1
Let c(m) = 2*m**3 - 2*m**2 + m. Let k be c(2). Suppose 5*b = 6*b, 2*p + 3*b = k. What is the remainder when 12 is divided by p?
2
Let t be (-64)/(-10) + 4/(-10). Suppose -t*n = -2*n + 56. Let z = n - -64. Calculate the remainder when z is divided by 17.
16
Suppose -10 - 25 = -l + 2*k, 4*l + 2*k - 140 = 0. Let u(y) = -y**3 + 4*y**2 + y. What is the remainder when l is divided by u(3)?
11
Suppose 2*q + 2*g + 15 + 25 = 0, -3*q - 100 = -5*g. Let n = -13 - q. What is the remainder when 44 is divided by n?
8
Let m(r) = -3*r - 1. Let x(b) = 13*b + 5. Let z(i) = -9*m(i) - 2*x(i). Let q = 28 - 11. Calculate the remainder when q is divided by z(11).
7
Let c = 215 + -113. Let v = c - 30. What is the remainder when v is divided by 15?
12
Suppose -4*x - g = -0*x - 47, x + 2*g - 10 = 0. Calculate the remainder when 22 is divided by x.
10
Let f = -24 - -57. Let i = 4 - -8. What is the remainder when f is divided by i?
9
Let a = 3 + -1. Suppose 3*t + 5*k + 16 = 2*t, 0 = -a*t - k + 4. Let q = t - -6. What is the remainder when q is divided by 6?
4
Let z = 73 + -45. Calculate the remainder when 54 is divided by z.
26
Let f be (-1)/5 - 214/5. Let a = 67 + f. What is the remainder when a is divided by 13?
11
Suppose 0*c - 4*c - 8 = 0. Let d = c - -6. What is the remainder when 6 is divided by d?
2
Let x(w) = -w**3 + 4*w**2 + 4. Let a be x(4). Suppose s - 5 = -4*u - 3, a*s + 3*u = 60. Let q = 55 - 2. What is the remainder when q is divided by s?
17
Let f(t) = t**2 + 5*t - 1. Suppose n + 2*n = 57. Calculate the remainder when n is divided by f(-6).
4
Suppose -27 = -3*s + 27. Suppose -24 - s = -3*z. Calculate the remainder when 53 is divided by z.
11
Suppose 0 = -8*z - 11*z + 1501. Let p = -14 - -34. What is the remainder when z is divided by p?
19
Suppose 5*p - 24 = p. Let u(s) = s**3 - 6*s**2 - 2*s + 2. Let h be u(p). Let j(o) = -2*o - 8. What is the remainder when 22 is divided by j(h)?
10
Suppose 0 = 5*c - 4*c - 3. Calculate the remainder when 8 is divided by c.
2
Suppose 0*g + 5*g + 20 = 0. Let k(m) = m - 2. Let y be k(-10). Let d = g - y. What is the remainder when 14 is divided by d?
6
Let i(h) = 4*h**3 - 8*h**2 + 11*h - 6. What is the remainder when i(4) is divided by 24?
22
Let a be (15/(-3))/(1/(-2)). Let v be (5/a)/((-1)/(-50)). Let o = v + -15. What is the remainder when 29 is divided by o?
9
Let z = 8 - -1. Let f = z + -6. Suppose -59 = -f*j + 2*j. Calculate the remainder when j is divided by 20.
19
Let w be (-2)/6 - 156/(-9). Let m = 8 + w. Suppose -2*q + 0 = g - 5, q = -2*g + 22. What is the remainder when m is divided by g?
12
Suppose 4*a + 25 - 113 = 0. Suppose 4*r = 2*r + a. What is the remainder when (6/(-4))/(6/(-84)) is divided by r?
10
Suppose -2*q = 4*j + 4, 1 = 3*j - 3*q - 5. Suppose -2*m + 21 + 63 = j. Calculate the remainder when m is divided by 22.
20
Suppose 4*j = 5*j - 7. Suppose -j = 3*t + 5. Calculate the remainder when 53 is divided by 210/12 + (-2)/t.
17
What is the remainder when 57 is divided by 8/(-14) + (-740)/(-70)?
7
Let h(u) = -u**3 + 2*u**2 + u + 1. Suppose -z = -4*r - 2*z - 88, 2*z + 29 = -r. Calculate the remainder when (1/3)/((-1)/r) is divided by h(2).
1
Suppose 0 = p - 3*x + 2, -2 + 6 = 3*p - 4*x. What is the remainder when 20/6*(1 + 2) is divided by p?
2
Let b = -43 - -80. Calculate the remainder when b is divided by 10.
7
Suppose -11*b - 46 = -574. Calculate the remainder when b is divided by 10.
8
Let m(x) = x**2 - 2*x - 3. Suppose -h = 1, c = 4*c - 3*h - 12. Let k be (1 - c)*(-10)/4. Calculate the remainder when 23 is divided by m(k).
11
Suppose 0 = 3*k + 11 - 2. Let b = k - -12. Calculate the remainder when b is divided by 5.
4
Let c = -22 + 25. What is the remainder when 11 is divided by c?
2
Suppose -2*d - 5 = -4*s + 11, -2*s + 14 = 2*d. Suppose d*o + 3*g - 33 = 0, 32 = 5*o - 4*g - 39. What is the remainder when 58 is divided by o?
13
Let f(u) = -u**3 - 7*u**2 - 11*u + 7. Let r be f